{"id":22460,"date":"2024-01-07T14:13:34","date_gmt":"2024-01-07T14:13:34","guid":{"rendered":"https:\/\/www.pasahamak.com\/?post_type=product&#038;p=22460"},"modified":"2026-04-02T21:26:24","modified_gmt":"2026-04-02T21:26:24","slug":"tavandan-asmali-salincak","status":"publish","type":"product","link":"https:\/\/www.pasahamak.com\/?product=tavandan-asmali-salincak","title":{"rendered":"TAVANDAN ASMALI SALINCAK"},"content":{"rendered":"<p>\u00c7ocuk, Yeti\u015fkin tavandan asmal\u0131 portatif sal\u0131ncak.<\/p>\n","protected":false},"excerpt":{"rendered":"<p>\u00c7ocuk, Yeti\u015fkin tavandan asmal\u0131 portatif sal\u0131ncak.<\/p>\n","protected":false},"featured_media":22733,"comment_status":"open","ping_status":"closed","template":"","meta":[],"product_brand":[],"product_cat":[64,176],"product_tag":[168,169],"class_list":{"0":"post-22460","1":"product","2":"type-product","3":"status-publish","4":"has-post-thumbnail","6":"product_cat-genel","7":"product_cat-salincaklar","8":"product_tag-hamak","9":"product_tag-salincak","11":"first","12":"instock","13":"shipping-taxable","14":"product-type-simple"},"_links":{"self":[{"href":"https:\/\/www.pasahamak.com\/index.php?rest_route=\/wp\/v2\/product\/22460","targetHints":{"allow":["GET"]}}],"collection":[{"href":"https:\/\/www.pasahamak.com\/index.php?rest_route=\/wp\/v2\/product"}],"about":[{"href":"https:\/\/www.pasahamak.com\/index.php?rest_route=\/wp\/v2\/types\/product"}],"replies":[{"embeddable":true,"href":"https:\/\/www.pasahamak.com\/index.php?rest_route=%2Fwp%2Fv2%2Fcomments&post=22460"}],"wp:featuredmedia":[{"embeddable":true,"href":"https:\/\/www.pasahamak.com\/index.php?rest_route=\/wp\/v2\/media\/22733"}],"wp:attachment":[{"href":"https:\/\/www.pasahamak.com\/index.php?rest_route=%2Fwp%2Fv2%2Fmedia&parent=22460"}],"wp:term":[{"taxonomy":"product_brand","embeddable":true,"href":"https:\/\/www.pasahamak.com\/index.php?rest_route=%2Fwp%2Fv2%2Fproduct_brand&post=22460"},{"taxonomy":"product_cat","embeddable":true,"href":"https:\/\/www.pasahamak.com\/index.php?rest_route=%2Fwp%2Fv2%2Fproduct_cat&post=22460"},{"taxonomy":"product_tag","embeddable":true,"href":"https:\/\/www.pasahamak.com\/index.php?rest_route=%2Fwp%2Fv2%2Fproduct_tag&post=22460"}],"curies":[{"name":"wp","href":"https:\/\/api.w.org\/{rel}","templated":true}]}}